1. Suppose 4*v - m + 44 = 0. What is the remainder when v is divided by 11?
9
Suppose 6*c = -6*c + 588. What is the remainder when 488 is divided by c?
47
Let k be (4/((-4)/3) + -16)*2. Let p = k + 77. Suppose 9 = 3*c + 5*t - 2*t, 0 = -5*t - 25. What is the remainder when p is divided by c?
7
Let n be 2176/5 - 4/(-5). Suppose 128 = -11*i + n. What is the remainder when i is divided by 5?
3
Suppose -3826*a - 306 = -3828*a. What is the remainder when 470 is divided by a?
11
Suppose 0 = 4*d - d - 18. What is the remainder when (84/(-10))/((-48)/160) is divided by d?
4
Suppose 9*g - 4*g = 1355. Suppose g = 5*p + 4*s, -p - p = 3*s - 107. Let m = 58 - 39. Calculate the remainder when p is divided by m.
17
Let p = -360 - -449. Calculate the remainder when 348 is divided by p.
81
Let o(h) = 5*h**2 + 2*h - 5. Let r = 0 + -2. Let l be ((-8)/(-4))/1*r. Calculate the remainder when o(l) is divided by 18.
13
Suppose -y = -5*q - 19, 3*y + 4*q = 2*y - 8. Suppose 0 = -y*c + 45 + 31. What is the remainder when 33 is divided by c?
14
Suppose -13*j + 12*j + 27 = -2*l, -5*j + l + 126 = 0. What is the remainder when 98 is divided by j?
23
Let a(i) = -i**3 + 5*i**2 + i - 1. Let j be a(5). Suppose 16 + 16 = j*m. Let n(h) = h**3 - 9*h**2 + 12*h - 11. What is the remainder when 40 is divided by n(m)?
19
Suppose 4*m - 156 = 8*m. Calculate the remainder when 155 is divided by (m/1)/(-2 - -1).
38
Suppose 0 = -13*c + 9*c. Suppose c = p + 2 - 0. Calculate the remainder when 19 is divided by -6*2/(-6) - p.
3
Suppose m - 5 = 0, 4*x - 5*x + 28 = 5*m. Suppose 0 = -0*y + y, 5*g + 30 = 2*y. Calculate the remainder when (1 - x/g)*22 is divided by 18.
15
Calculate the remainder when 26 is divided by (-6)/(-9)*(-153)/(-6).
9
Let x(h) = -2*h**3 - h**2 - 3*h + 9. What is the remainder when x(-3) is divided by 19?
6
Let t be 1656/(-88) - 2/11. Let h = t + 24. What is the remainder when 6 is divided by h?
1
Suppose 0 = 2*i + 10 - 14. Let f(r) = -r - 13. Calculate the remainder when f(-15) is divided by i.
0
Let a = 455 - 415. Calculate the remainder when 78 is divided by a.
38
Suppose -4*g + 4 = -2*i, -2*i = 3*i + 3*g + 36. What is the remainder when 404/i*(-69)/46 is divided by 27?
20
Let j be 5*(3 + (-3)/((-9)/(-6))). Suppose 3*n + 2*n - 5*w = 185, -j*w = 5*n - 185. Calculate the remainder when n is divided by 22.
15
Let u(j) = 2*j**2 + 11*j - 9. Let x be u(-6). Let q(p) = -51*p + 5. What is the remainder when q(x) is divided by 40?
38
Let m = 24 - 10. Let g = 49 + -22. What is the remainder when g is divided by m/((6 + -4)*1)?
6
Let q(f) = -2*f**2 - 26*f + 6. Let s be q(-15). Let c = -43 - s. What is the remainder when 18 is divided by c?
7
Let o = -23 + 72. What is the remainder when o is divided by 22?
5
Let v = -535 + 547. Calculate the remainder when 32 is divided by v.
8
Suppose -4*o + 152 = -3*o. Calculate the remainder when o is divided by 149.
3
Suppose 0 = -5*v + 10, t + 3*v = v + 13. Let h = 19 - t. Suppose -4*f + h = -10. What is the remainder when 7 is divided by f?
2
Let r(y) = 19*y - 98. Calculate the remainder when 95 is divided by r(7).
25
Let y = -2045 - -2088. What is the remainder when 386 is divided by y?
42
Let y(o) = o - 17. Let t be y(17). Suppose u + 3*u - 48 = t. Let l = 31 - u. What is the remainder when l is divided by 12?
7
Suppose 2*b = -3*w + 73, w = -3*w + 2*b + 74. Suppose 3*k - 16 = k. Suppose a + k = w. Calculate the remainder when 38 is divided by a.
12
Let q(u) = 4*u - 3. Let l(n) = -n - 3 + 3 + 5*n - 3. Calculate the remainder when l(3) is divided by q(2).
4
Let q(u) be the first derivative of 3*u**2 + 2*u + 10. Let w be q(-1). Let p(d) = 4*d**2 - 2*d + 2. Calculate the remainder when p(w) is divided by 19.
17
Suppose -4*x = 5*a + 26, -5*a + 4 = -3*a. Let s = x - -16. Suppose 8*d = -4*y + 3*d + 112, -2*y + 50 = d. Calculate the remainder when y is divided by s.
2
What is the remainder when (3 + -5 + 2)/(-5) + 24 is divided by 7?
3
Let k(m) = m**3 + m**2 - m - 1. Let s(f) = -f**3 - 6*f**2 + f - 1. Let y(n) = 2*k(n) + s(n). What is the remainder when 32 is divided by y(5)?
15
Suppose 4*y + 1 = -2*h + 3, 2*y = -3*h + 11. Suppose -1 = -k - k - h*c, -5*c + 5 = 0. Calculate the remainder when (-210)/(-51) - k/(-17) is divided by 2.
0
Let r = 9 - 11. Let f = 4 + r. Suppose -9 = g - f*g. Calculate the remainder when 25 is divided by g.
7
Calculate the remainder when (-4)/14 - 8740/(-161) is divided by 39.
15
Let s = 137 + -126. Let h(j) = -3*j + 10. Let q(x) = -4*x + 11. Let d(m) = 6*h(m) - 5*q(m). Calculate the remainder when d(7) is divided by s.
8
Suppose -12 = t + 2*t, c - 14 = 3*t. Calculate the remainder when 24 is divided by (16/6 + 3)/(c/6).
7
Let v(a) = a**2 + 19*a + 58. Let w be v(-18). Let g = w + -34. What is the remainder when g is divided by 4?
2
Suppose 154 = -50*p + 57*p. Calculate the remainder when 28 is divided by p.
6
Let m(n) = -7 - 5*n**2 - 9 + 15. Let b be m(-1). Calculate the remainder when 3 is divided by (b/9)/(2/(-3)).
0
Let k = -786 + 1017. What is the remainder when k is divided by 8?
7
Let f(r) = 2*r**2 + 59*r - 77. What is the remainder when f(-35) is divided by 106?
96
Let q(t) = -t**3 - 7*t**2 + t + 8. Let c be q(-7). Let p be (21/28)/(c/(-4)). What is the remainder when 536/12 + (-1)/p is divided by 12?
9
Calculate the remainder when 105 is divided by -6 - (1 - 13) - -6.
9
Let v(d) = 37*d + 1936. Calculate the remainder when 2/5*(-230)/(-2) is divided by v(-52).
10
Let c(u) = -2*u + 5*u**2 + 4*u + 5*u + 5. Calculate the remainder when 226 is divided by c(-4).
55
Suppose -6*h - 92 = -4*h. Let k = h + 15. Let q = -15 - k. What is the remainder when q is divided by 6?
4
Let t(h) = -2*h**2 + 5*h + 34. What is the remainder when 134 is divided by t(5)?
8
Let a(p) be the first derivative of 2*p**3/3 - 3*p**2 - 7*p - 4. Suppose 0*t - 5*t = -125. What is the remainder when a(-4) is divided by t?
24
Let l(f) = 41*f**2 + 11*f - 19. Calculate the remainder when l(3) is divided by 81.
59
Let p(q) = -q**2 + q + 134. Calculate the remainder when p(-10) is divided by (-1)/(-5) - 316/(-20).
8
Let f be 80/(-30)*6/(-4). Suppose -l + 65 = -4*j, 2 - 14 = f*j. Calculate the remainder when l is divided by 14.
11
Suppose -27*v + 30*v = -3*j + 822, 1350 = 5*j - 5*v. Calculate the remainder when j is divided by 55.
52
Let n(c) = -5*c + 2. Let l be n(-4). Suppose x - 5*m - 1 + 3 = 0, 3*m + 60 = -3*x. Let y = x + l. Calculate the remainder when 8 is divided by y.
3
Suppose 34*x + 4*b = 37*x - 35, -4*b = -5*x + 61. Calculate the remainder when 34 is divided by x.
8
Let p be 2/(-2) + (35 - 4). Let x = 20 + p. What is the remainder when 7 is divided by x/(-15)*6/(-5)?
3
Let f = -37 + 40. Suppose 0 = f*b - b - 40. What is the remainder when 52 is divided by b?
12
Suppose 70 = 5*a - 3*c, -a - 4*c + 44 = 7. Calculate the remainder when 830 is divided by a.
14
Let k(m) = 15*m + 1. Let b be k(-1). Let p(g) = -g**2 - 14*g + 3. What is the remainder when p(b) is divided by 2?
1
Let h(l) be the third derivative of 3*l**2 + 1/60*l**5 + 5/6*l**3 + 0*l - 1/24*l**4 + 0. Calculate the remainder when h(-5) is divided by 18.
17
Let q = 1095 + -1071. Let g(j) = -j**2 - j + 3. Calculate the remainder when q is divided by g(0).
0
Let x be ((-55)/(-33))/(1/(-3)). Let q be ((-4)/x)/(10/(-25)). Let a(p) = -4*p. What is the remainder when 31 is divided by a(q)?
7
Suppose 254 + 334 = 12*w. Calculate the remainder when 93 is divided by w.
44
Let j = 147 - 121. What is the remainder when 91 is divided by j?
13
Suppose -c - 7 = -4*a + 2*a, 4*a = 3*c + 11. Suppose -a*q + 61 = -129. What is the remainder when 225 is divided by q?
35
Suppose 2*o - 5*f - 27 = 0, 4*o + 4*f - 3*f = 43. Let g = o + -1. Calculate the remainder when 35 is divided by g.
5
Let h = -21 - -11. Let b(y) = 2*y**3. Let l be b(2). Let u = h + l. Calculate the remainder when 34 is divided by u.
4
Let b(d) = 19*d**2 - d. Calculate the remainder when ((-6)/4)/((-4)/232) is divided by b(1).
15
Let j = 87 + -56. Let q = j + -6. Calculate the remainder when q is divided by 13.
12
Let u(l) = l**3 - 7*l**2 - 11*l + 8. Let v be u(7). Let d = 74 + v. Calculate the remainder when 22 is divided by d.
2
Suppose 0 = -37*j + 3195 + 542. What is the remainder when j is divided by 30?
11
Suppose 66*n - 970 = 1406. Calcul